4?
-1703
In base 10, what is 5 - 2989?
-2984
In base 16, what is 798 + -14?
784
In base 12, what is 3 + 2b247?
2b24a
In base 3, what is 10 - 221021222?
-221021212
In base 2, what is 10110100 + -10?
10110010
In base 15, what is 4e31 + 4?
4e35
In base 11, what is -4 + -108488?
-108491
In base 14, what is -1bc + -6d2?
-8b0
In base 2, what is -101100111 + -111000000000?
-111101100111
In base 13, what is 815b - 6b?
80c0
In base 9, what is 602 + -5035?
-4333
In base 5, what is 331131 - -2?
331133
In base 13, what is 98439 + 0?
98439
In base 10, what is 9456 + 2?
9458
In base 15, what is -1 + bd604?
bd603
In base 13, what is 1b304 + 5?
1b309
In base 12, what is 88 - -6427?
64b3
In base 11, what is 218 + 370?
588
In base 8, what is -5 - -666?
661
In base 8, what is -572643 + 7?
-572634
In base 6, what is -5 - 423153?
-423202
In base 14, what is 1342 + -5d?
12c3
In base 16, what is -2 + -1ecf3?
-1ecf5
In base 9, what is 40541 + 4?
40545
In base 13, what is -504 - -21b?
-2b6
In base 6, what is -134322405 - -4?
-134322401
In base 13, what is -5 + -c1c32?
-c1c37
In base 16, what is -2f - -959?
92a
In base 7, what is 1326 + -220?
1106
In base 15, what is -4e5b + 1?
-4e5a
In base 6, what is 10 - 2440330?
-2440320
In base 10, what is 111 - 5169?
-5058
In base 7, what is 411 + -164?
214
In base 2, what is 1110 + -10001011000010010?
-10001011000000100
In base 11, what is -5665 - -25?
-5640
In base 6, what is -5 + 410540?
410531
In base 10, what is -32 - -21090?
21058
In base 11, what is -2 - 14a79?
-14a80
In base 4, what is -113110 - 2233?
-122003
In base 5, what is -4 - -321421100?
321421041
In base 13, what is 5 + -2c1b?
-2c16
In base 15, what is -235 + cd?
-157
In base 3, what is -22120 + 100211?
1021
In base 6, what is 11 + 3530452?
3530503
In base 3, what is 202001211201 + 12?
202001211220
In base 13, what is -578 + 3?
-575
In base 3, what is 111 - 10111122?
-10111011
In base 16, what is 5e + 463c?
469a
In base 12, what is 6aba - a?
6ab0
In base 4, what is -20323 + -101213?
-122202
In base 8, what is 2513 - -247?
2762
In base 5, what is -10 - 1113422?
-1113432
In base 7, what is -15223 + 164?
-15026
In base 11, what is -58009 + -3?
-58011
In base 3, what is -210022222012 + 20?
-210022221222
In base 12, what is -16 - 405?
-41b
In base 13, what is -834 + 166?
-69b
In base 11, what is -3525 - 0?
-3525
In base 16, what is -9 - -c4?
bb
In base 8, what is 136 - -37423?
37561
In base 7, what is 3 - -331336?
331342
In base 15, what is 45 - -4860?
48a5
In base 8, what is 534 + -626?
-72
In base 10, what is 31927 + 4?
31931
In base 16, what is -35e3 - 16?
-35f9
In base 5, what is 40 - -2021?
2111
In base 14, what is 7 - -2139?
2142
In base 6, what is -5 - 10023253?
-10023302
In base 9, what is 0 + -141767?
-141767
In base 13, what is 3 - 96b?
-968
In base 6, what is -5 - 22031341?
-22031350
In base 13, what is -3b5b5 + 3?
-3b5b2
In base 12, what is -5 - 1373b2?
-1373b7
In base 3, what is -2 - -1102021?
1102012
In base 13, what is -4898 + -c?
-48a7
In base 8, what is 422400 - 12?
422366
In base 8, what is -54343 + -37?
-54402
In base 5, what is 140133132 - -3?
140133140
In base 12, what is 3 - -6399?
63a0
In base 14, what is 52c544 - -3?
52c547
In base 5, what is 12022 + -1013?
11004
In base 7, what is 1 + -620245?
-620244
In base 5, what is 223300 + -231?
223014
In base 14, what is dd1a - 2?
dd18
In base 7, what is 44046 + 124?
44203
In base 12, what is -5 - 20645?
-2064a
In base 8, what is 2 - -170221?
170223
In base 11, what is a2071 - -2?
a2073
In base 7, what is -5561045 + 5?
-5561040
In base 16, what is -1 - 178daf?
-178db0
In base 6, what is 15 + 102021?
102040
In base 10, what is 15 + 2846?
2861
In base 2, what is -1000110000011110 + 11?
-1000110000011011
In base 9, what is -138 + -77?
-226
In base 13, what is 61b238 - 4?
61b234
In base 6, what is -24255 - -312?
-23543
In base 6, what is -2 + 321235?
321233
In base 6, what is -252 - 144411?
-145103
In base 15, what is 58 + -1982?
-1929
In base 7, what is 5 - 401565?
-401560
In base 10, what is -2178 + -135?
-2313
In base 8, what is 72 + -1265?
-1173
In base 13, what is -501 + -47?
-548
In base 8, what is 2 - 116170?
-116166
In base 6, what is 121511 - -2?
121513
In base 15, what is 1 - -17b284?
17b285
In base 3, what is -102120 - -20020?
-12100
In base 14, what is -3564 + -18?
-357c
In base 14, what is -4 + 11471?
1146b
In base 9, what is -1 - -10332?
10331
In base 15, what is -5e3ce - 5?
-5e3d4
In base 13, what is -36953b1 + 1?
-36953b0
In base 16, what is -127f + 42?
-123d
In base 6, what is 304 + -113145?
-112441
In base 2, what is -1110 + -100110101011011010?
-100110101011101000
In base 3, what is -2022210 - 20210?
-2120120
In base 10, what is -4 + -21960?
-21964
In base 5, what is -4 + 11323040?
11323031
In base 6, what is -215222 + -254?
-215520
In base 4, what is -332220 + 203?
-332011
In base 12, what is 8965 - -28?
8991
In base 12, what is -5 + 40a0?
4097
In base 6, what is -5134 - 1443?
-11021
In base 5, what is 1043 - 303133?
-302040
In base 9, what is -1048656 + -16?
-1048673
In base 3, what is -21 + 2220022?
2220001
In base 5, what is 244410 - -31?
244441
In base 15, what is 1 - 22a6?
-22a5
In base 14, what is 1a + -50ac?
-5092
In base 7, what is 12164114 - -1?
12164115
In base 3, what is -2 + -110020102011?
-110020102020
In base 15, what is -25 + -3a0?
-3c5
In base 9, what is -5 - -1483658?
1483653
In base 5, what is 3311 - -12043?
20404
In base 5, what is 11112 + -243?
10314
In base 8, what is -263 + -1370?
-1653
In base 9, what is 1 - -235130?
235131
In base 15, what is -85 - -4b7?
432
In base 4, what is 12 - -11013?
11031
In base 11, what is -18243 + -4?
-18247
In base 16, what is -163a + 5?
-1635
In base 10, what is -24 + 941?
917
In base 14, what is b842 - -7?
b849
In base 10, what is 7 - -1326969?
1326976
In base 4, what is -301 - 11102122?
-11103023
In base 16, what is 1b - 2ed?
-2d2
In base 7, what is -100 + 52120?
52020
In base 3, what is 21000202022 + 0?
21000202022
In base 8, what is 21247 + -1?
21246
In base 2, what is 101110111 - -111010111?
1101001110
In base 4, what is -1230 - -13303?
12013
In base 16, what is -16 - -29a0?
298a
In base 9, what is -10 + 70853?
70843
In base 9, what is 48841 + -138?
48702
In base 10, what is -17950 - 141?
-18091
In base 14, what is 5 + 1ad62?
1ad67
In base 12, what is -2 + -226496?
-226498
In base 10, what is -8525 - 0?
-8525
In base 6, what is 4 + -431511?
-431503
In base 16, what is e08c + 1?
e08d
In base 15, what is d968 - -7?
d970
In base 8, what is 107 - -3174?
3303
In base 15, what is 7 - -25?
2c
In base 10, what is 1795 + 53?
1848
In base 10, what is 11963 - -30?
11993
In base 9, what is 10365 + -111?
10254
In base 11, what is 5 - 7879?
-7874
In base 16, what is 5b39 - 0?
5b39
In base 3, what is 1 - 111222220?
-111222212
In base 6, what is 1032115 + -145?
1031530
In base 9, what is 6240 + -201?
6038
In base 9, what is 184433 - -47?
184481
In base 16, what is b6 + -2?
b4
In base 10, what is -4954 - -1237?
-3717
In base 14, what is 117a1c + -1?
117a1b
In base 3, what is 10210221 + -11122?
10122022
In base 14, what is -335d2 + 2?
-335d0
In base 6, what is 21 + 3101451?
3101512
In base 15, what is 5d66 + 20?
5d86
In base 12, what is -9 - -34039?
34030
In base 3, what is 12021021 - 0?
12021021
In base 2, what is -100 - -100011000100001?
100011000011101
In base 6, what is 4 - -41551254?
41551302
In base 16, what is -25 - -134c5?
134a0
In base 6, what is -12 - -305320?
305304
In base 8, what is -21 - 7350?
-7371
In base 14, what is 598b + 1?
598c
In base 2, what is 0 - -100101100010101000?
100101100010101000
In base 3, what is 2011102021 - 1211?
2011100110
In base 3, what is 101 - -100102100?
100102201
In base 3, what is 12 + -1122001121?
-1122001102
In base 14, what is 57 + -484?
-42b
In base 7, what is 106100 + -10?
106060
In base 12, what is -23b01 + -5?
-23b06
In base 2, what is 1000001 - -10000011110?
10001011111
In base 12, what is 4207 + -4a?
4179
In base 16, what is -347 + -8?
-34f
In base 4, what is -1 - -101031?
101030
In base 10, what is 244398 + 0?
244398
In base 7, what is -4 + -465536?
-465543
In base 2, what is -11101000110 + -1101101?
-11110110011
In base 12, what is -121 - -597a?
5859
In base 5, what is 100 + 1422?
2022
In bas